18 + -14. Suppose 33 = -a*t + 5*t. Let m = t - -11. What is the tens digit of m?
4
Let r be 336/(-1176) - 2/(-7). Let f be 8/(1 + 3/3). Suppose -f*k + 368 = -r*o + 4*o, -2*o + 181 = -k. What is the units digit of o?
1
Let h(q) = -2*q**2 - 14*q - 6. Let x be h(-7). What is the tens digit of (((-513)/x)/(-3))/((-48)/1088)?
4
Let t(m) = 3*m**2 + 4*m - 6. Let o = -34 + 40. Let w be t(o). Let p = w - 74. What is the units digit of p?
2
Suppose -331*m + 334*m - 15546 = 5*w, -2*m = -2*w - 10364. What is the units digit of m?
2
Suppose 20 = 8*s - 3*s - 3*m, 5*s - 20 = -5*m. Let p(j) = j - 2*j**3 - 4*j**3 + j**2 + 2*j**3 - 2 - s*j**3. What is the units digit of p(-2)?
4
Suppose 23*f = -12*f + 46*f - 99. What is the units digit of f?
9
Let q be (-6 + 2 + 1*3)/(-1). Suppose 5*w + 8 = -a, a - 5*w = -a - q. What is the units digit of (11/a + 5)/((-2)/(-21))?
4
Let u = 9735 - -5301. What is the ten thousands digit of u?
1
What is the units digit of 3992/18 + (8/(-90))/((-96)/240)?
2
What is the ten thousands digit of (1/2)/(274/(-411)*6/(-85472))?
1
Let x be ((1 - -99)/(-5))/(-2). Suppose 3*r - p + x = -2, 4*p + 17 = -r. What is the tens digit of 86 - (1 + 5/r)?
8
Suppose -22*k + 1938 = -3*k. What is the units digit of k/((3/17)/1)?
8
Suppose k = -5*k + 2472. Suppose -a - a = -k. Suppose 0 = -6*l + 8*l - a. What is the hundreds digit of l?
1
Suppose 0 = -2*u + u + 4*m - 97, u + 99 = 3*m. Suppose 0 = -a - j - 3*j + 167, a - 142 = j. Let y = u + a. What is the tens digit of y?
4
What is the thousands digit of 180/(-25) + 8 + 421833/15?
8
Suppose 3*y - 32*y - 6*y + 373100 = 0. What is the units digit of y?
0
Let x = -221 + 221. What is the units digit of (-7 - x)*1*-53?
1
Let s = -48881 + 111973. What is the thousands digit of s?
3
Suppose 3*s - 6*h - 2056 = -2*h, 1370 = 2*s - 2*h. Let n = -524 + s. What is the units digit of n?
0
Let t(z) = 10*z**3 - z**2 + 3*z + 1. Let m be (-2 - (0 - 1))*-3. Let i be t(m). Let o = i - 97. What is the hundreds digit of o?
1
Suppose 29 = -6*j + 125. Suppose -5*h = -j - 64. What is the tens digit of h/(-1)*5/(80/(-172))?
7
Suppose 5*b - 17320 = -x, -b = -3*x - 1069 - 2411. What is the tens digit of b?
6
Suppose 6*a + 743 = 3*j + 72416, a - j = 11945. What is the units digit of a?
6
Let u(b) = -11*b + 10. Let c be u(18). Let q = 357 + c. What is the tens digit of q?
6
Suppose 15*d - 726 - 489 = 0. What is the thousands digit of -2*(-14889)/18 - 27/d?
1
Suppose -39810 = -46*a + 93820. What is the tens digit of a?
0
Let s(w) = -2*w**3 + 2*w**2 + w - 1. Let a be s(-2). Let l(o) = -10*o - 7 - a + 0. What is the tens digit of l(-7)?
4
Suppose h + 183 = 1329. Let p = h + 19. What is the units digit of p?
5
Let z(a) = a**3 + 6*a**2 - 15*a + 16. Let d be (-24)/(-16) - (-1)/2. Let p(o) = -o - 6. Let q be p(d). What is the units digit of z(q)?
8
Let u = -176 + 178. Suppose -3*p - 604 + 1670 = -u*g, -5*p + 2*g = -1782. What is the hundreds digit of p?
3
Suppose 2*d = 1 + 3. Suppose -85*m + 79*m + 24 = 0. Suppose t - d*t + 101 = -p, 0 = -4*p + m. What is the hundreds digit of t?
1
Suppose 3*u + 12642 = 17*u. Let q = -473 + u. What is the units digit of q?
0
Let t be (-1)/1 + -5*(-21)/(-35). Suppose g = -0*g - 18. What is the units digit of (-4)/g - (t - 1256/18)?
4
Suppose 5*q - 3*p = -32, -2*q + 4*q - 2*p = -16. Let g(k) = -k**3 - 6*k**2 - 6*k + 11. What is the units digit of g(q)?
3
Let i be 4 - (5 + 0) - -16. Suppose 9*g = i*g - 2592. What is the units digit of g?
2
What is the units digit of 14455/4 + 1463/(-836)?
2
Let r(o) = o + 1. Let k(h) = -5*h - 1. Let c(f) = k(f) + 4*r(f). Let q be c(0). Suppose 3*y + 4*p = q*p + 67, 5*p = y - 1. What is the tens digit of y?
2
Let j(v) = 3*v**3 + 3*v**2 - 24*v + 20. What is the hundreds digit of j(15)?
4
Let v = -5227 - -9294. What is the hundreds digit of v?
0
Let r = -473 - 46. What is the hundreds digit of r/6*((-6)/(-1) - 8)?
1
Suppose -o - 5 = 0, 13*o - 11*o = k - 3685. What is the tens digit of k?
7
Suppose -5*m = -2*p + 302 + 78, m - 570 = -3*p. Suppose 3*l - 4*x - 79 = 0, 4*l - 5*x = 9*l - p. What is the units digit of l?
3
Suppose -24*t + 1500 = -19*t. Let q = 578 - t. What is the tens digit of q?
7
Let b be ((-157 - 4)*3)/(-3). Let i = b - -663. What is the units digit of i?
4
Suppose 2*r - 10 = 5*u, 0*u + 2*r - 10 = -u. What is the units digit of (-3 - u) + 3 - -32?
2
Let o(w) = 11*w**2 - 4*w + 237. What is the hundreds digit of o(30)?
0
Let q be (-31)/(-5) + (-4 - 19/(-5)). Let v be 2/54*q + 17409/27. Suppose 3*x - 5 = -14, 4*h = 3*x + v. What is the tens digit of h?
5
Let o(z) = 6*z**3 - 4*z**2 - 41*z + 287. What is the hundreds digit of o(8)?
7
Let m = -12 + 45. Suppose -1614 = -m*c + 25083. What is the units digit of c?
9
Suppose -524777 - 4261209 = -86*r. What is the tens digit of r?
5
Let q(a) = 2319*a + 3805. What is the tens digit of q(4)?
8
Suppose s = 3*s - 2*x - 7446, -18615 = -5*s + 3*x. What is the tens digit of s?
2
What is the tens digit of (-26780 + -1)*(9 + 728/(-78))?
2
Let h(v) = 5*v**2 - 12*v - 1746. What is the hundreds digit of h(37)?
6
Let c(o) = 26*o + 21. Let j be c(8). Suppose 0 = 3*l + l + 528. Let d = j + l. What is the tens digit of d?
9
Let d(y) = 121*y**2 - 138*y + 8. What is the thousands digit of d(6)?
3
Let o = -28930 - -42331. What is the units digit of o?
1
Suppose 0 = -139*t + 149*t - 7460. Suppose -4*a = -t + 114. What is the tens digit of a?
5
Let i(y) = -y - 1. Let h be i(-3). Suppose -578 = -h*b + 250. What is the units digit of b?
4
Let f be (-80)/48*(-6)/2. Suppose n + 4590 = f*n + 5*a, -5*n + 5752 = -a. What is the units digit of n?
0
Let n(t) = -t**3 - 8*t**2 - 2*t + 11. Suppose p = 2, -3*l - 2*p = 34 - 14. What is the tens digit of n(l)?
2
Suppose 31*v - 166442 = -16898. What is the units digit of v?
4
Let w(h) = -862*h - 869*h + 1711*h - 27. What is the hundreds digit of w(-14)?
2
Suppose 0 = 5*z - 2*n + 106, 2*n + 46 - 130 = 4*z. Let f be z/77 - 156/(-7). Let s = f + -11. What is the units digit of s?
1
Let b = 40174 + -25227. What is the tens digit of b?
4
Let q = 48 + -44. Suppose -q*u - 266 = -1478. Let w = u - 202. What is the hundreds digit of w?
1
Let v be (-25)/5 + -1453 - -5. Let u = 2536 + v. Suppose -5*b + u - 148 = 0. What is the tens digit of b?
8
Let c(t) = t**2 - 4*t + 847. Let v(m) = -m**3 - 25*m**2. Let r be v(-25). What is the tens digit of c(r)?
4
Let x = 48 + -4. Let n = x - 24. Suppose 2*h = j - 2*j + n, 0 = 2*j - h - 45. What is the units digit of j?
2
Let h(r) = 8*r - 51. Let g be h(7). Suppose -g*j + 4023 = 4*j. Suppose 5*d - 754 = -3*b - b, 0 = 3*d - 3*b - j. What is the tens digit of d?
5
Suppose s - 5*c - 121 = 0, 2*c = 3*s - c - 315. Let k = 384 - s. What is the units digit of k?
3
Let b(q) = 1822*q - 507. What is the tens digit of b(5)?
0
Suppose -215*a = 20*a - 17601265. What is the tens digit of a?
9
Let o be (-7)/(196/8) + 2337/21. Let u = 40 + o. Suppose -179 = -3*c + u. What is the hundreds digit of c?
1
Suppose 24*v = 34*v + 3870. Let t = v + 910. What is the units digit of t?
3
Suppose -g + 2*d = -6, -3*d - 14 = -13*g + 9*g. What is the tens digit of (-2 + 2 - g)*4277/(-14)?
1
Suppose 0 = -14*o - 9 + 79. Suppose 5*u - o*y - 79 = 2856, 3*u - 1745 = -5*y. What is the hundreds digit of u?
5
Suppose 3*p - 2*d - 19075 = 0, -41*d + 31775 = 5*p - 36*d. What is the tens digit of p?
5
Let p(y) = -52*y**2 - 6 + 46*y**2 - 4*y - 2*y**3 + 0*y**3. Let a be p(-3). What is the units digit of (32/6)/(a/9)?
8
Let y(k) = k**3 + 15*k**2 - 21*k - 35. Let h be y(-11). Let n = h + -43. What is the hundreds digit of n?
6
Let g(z) = 536*z**2 + 361*z - 2177. What is the ten thousands digit of g(6)?
1
Let r(o) = 2*o - 2. Let l(y) = -23*y + 55. Let c(n) = -l(n) - r(n). What is the hundreds digit of c(8)?
1
Let q(d) = 2*d**3 + 178*d - d**3 + 11*d**2 - 183*d - 8. Let v be q(-11). Let y = 29 + v. What is the tens digit of y?
7
What is the units digit of 8/32 + (102837/28 - 4)?
9
Let m(n) = n**2 + 22*n + 28. Let b be m(-20). Let u be 88/7 + b/21. Suppose -t - t = -u. What is the units digit of t?
6
Suppose 0 = -3*r - 87 - 9. Let i = 116 + r. Let j = -46 + i. What is the tens digit of j?
3
Suppose 0 = -270*g + 221*g + 730884. What is the ten thousands digit of g?
1
Suppose 0 = -4*y - 3*s + 42052, 0 = 4*y - 8*y + s + 42052. What is